culate the highest common factor of 171 and 161009819.
19
Calculate the greatest common factor of 95 and 472891.
19
What is the greatest common divisor of 69920 and 1216?
608
Calculate the highest common factor of 54 and 276694650.
54
Calculate the greatest common factor of 847511 and 85526.
287
What is the highest common factor of 3962 and 2288566?
14
Calculate the greatest common divisor of 159378213 and 153.
51
Calculate the highest common divisor of 807823 and 165920.
1037
Calculate the highest common factor of 25845065 and 4647.
1549
What is the highest common divisor of 13167 and 82581543?
1881
What is the highest common divisor of 18336 and 11405756?
764
Calculate the highest common factor of 1460818 and 37932.
218
Calculate the highest common divisor of 2915 and 45812140.
2915
Calculate the highest common divisor of 1714390 and 180.
10
What is the highest common divisor of 25320 and 1702320?
120
What is the highest common factor of 1156260 and 112?
28
What is the highest common divisor of 38583535 and 115?
115
Calculate the greatest common factor of 7238 and 6732374.
1034
What is the greatest common factor of 4840 and 1522510?
110
Calculate the greatest common divisor of 107636724 and 884.
884
What is the highest common factor of 30298700 and 12200?
6100
Calculate the highest common factor of 154454746 and 1730.
346
What is the greatest common divisor of 1405732 and 98712?
1828
Calculate the highest common divisor of 60854913 and 7056.
441
What is the greatest common factor of 285 and 151922955?
285
What is the greatest common factor of 1877 and 129314038?
1877
What is the greatest common factor of 89 and 50236050?
89
Calculate the highest common factor of 3540 and 113553760.
1180
What is the highest common divisor of 1989596 and 4312?
196
Calculate the highest common divisor of 95816 and 1782920.
232
Calculate the greatest common factor of 274699 and 75473.
71
Calculate the greatest common factor of 20 and 295446000.
20
What is the highest common divisor of 29844309 and 66?
33
What is the greatest common divisor of 6945 and 544035?
15
Calculate the highest common divisor of 195943 and 61571961.
4169
What is the highest common divisor of 255 and 119038743?
51
Calculate the greatest common divisor of 18659616 and 1632.
96
What is the highest common factor of 14651108 and 1696?
212
Calculate the highest common factor of 29 and 106665915.
29
Calculate the highest common divisor of 78014974 and 1017.
113
Calculate the highest common divisor of 8736532 and 70.
14
Calculate the highest common factor of 306 and 19384284.
102
What is the greatest common divisor of 3860 and 37865?
5
What is the greatest common factor of 167536 and 208976?
592
Calculate the highest common divisor of 12933347 and 34593.
887
Calculate the highest common factor of 3199488 and 168.
24
Calculate the greatest common divisor of 178527690 and 3960.
990
What is the greatest common factor of 30 and 2158968555?
15
What is the greatest common factor of 30628931 and 437?
19
What is the greatest common divisor of 1926744 and 1608?
24
Calculate the highest common divisor of 99 and 10195394.
11
Calculate the highest common factor of 5995 and 1978955.
55
What is the highest common factor of 143293 and 5933?
17
What is the highest common factor of 26838 and 1093554?
378
Calculate the greatest common divisor of 16750555 and 3335.
115
What is the greatest common factor of 7 and 7735913?
1
What is the greatest common factor of 38068872 and 423?
141
Calculate the greatest common divisor of 62375 and 437625.
125
Calculate the greatest common factor of 302788 and 10502.
118
What is the greatest common factor of 6276054 and 52554?
2766
What is the highest common divisor of 105 and 6897891?
21
What is the greatest common divisor of 10155185 and 185?
5
Calculate the greatest common divisor of 31 and 4641289.
31
Calculate the greatest common factor of 72592956 and 216.
108
Calculate the highest common factor of 34559 and 933097937.
4937
Calculate the greatest common factor of 5480 and 29692010.
1370
What is the highest common divisor of 2172 and 64178075?
181
Calculate the highest common factor of 534 and 53754754.
178
Calculate the highest common factor of 138930150 and 150.
150
Calculate the highest common factor of 1071 and 89362931.
119
Calculate the greatest common factor of 190 and 559821814.
38
What is the greatest common factor of 805956 and 174464?
188
What is the greatest common factor of 5717004 and 18?
6
What is the greatest common factor of 4636 and 3221716?
76
What is the greatest common factor of 1141 and 482167?
7
What is the greatest common divisor of 1256857 and 850311?
2863
Calculate the greatest common divisor of 10571 and 1243.
11
What is the highest common factor of 66470046 and 115?
23
Calculate the highest common divisor of 36352 and 81920.
512
Calculate the greatest common divisor of 25 and 32007940.
5
Calculate the greatest common factor of 13801799 and 99979.
671
What is the highest common factor of 4076425 and 291?
97
What is the greatest common factor of 143457062 and 12922?
994
What is the highest common factor of 2094 and 10209297?
1047
Calculate the highest common factor of 54 and 22469040.
18
Calculate the greatest common divisor of 183005664 and 2208.
2208
Calculate the highest common factor of 15 and 1494244755.
15
What is the greatest common divisor of 707 and 45892?
7
Calculate the highest common divisor of 1354 and 1721007793.
677
Calculate the highest common divisor of 352245 and 211056015.
15315
What is the greatest common divisor of 1295 and 3070970?
35
Calculate the highest common factor of 110096172 and 63770.
1822
What is the greatest common factor of 227018 and 16082?
374
Calculate the greatest common factor of 1345 and 931009.
269
What is the greatest common factor of 875 and 1071385?
35
Calculate the greatest common factor of 330237474 and 28.
14
What is the greatest common factor of 539136 and 35776?
832
Calculate the greatest common divisor of 82725 and 317664.
3309
What is the highest common factor of 1638716 and 3835712?
3284
Calculate the greatest common divisor of 20889 and 1730939133.
6963
Calculate the greatest common divisor of 1482 and 182352.
6
Calculate the highest common factor of 44375 and 1479285.
355
What is the greatest common divisor of 63 and 16639281?
9
What is the greatest common divisor of 688 and 4022736?
688
What is the greatest common divisor of 24 and 9985458?
6
What is the highest common divisor of 4036572 and 90?
18
Calculate the highest common divisor of 39695608 and 92.
92
Calculate the greatest common factor of 125730535 and 313.
313
Calculate the highest common divisor of 77880 and 723.
3
What is the highest common factor of 10581365 and 305?
305
What is the highest common divisor of 27111762 and 94?
94
Calculate the greatest common factor of 966 and 1436350.
46
Calculate the greatest common divisor of 26072 and 867982506.
6518
Calculate the highest common factor of 19575 and 567975.
75
Calculate the greatest common divisor of 759468850 and 28.
14
What is the greatest common factor of 2037080 and 401?
401
What is the greatest common factor of 4220 and 85508805?
1055
What is the highest common divisor of 221480 and 357?
7
Calculate the greatest common factor of 474104 and 46872.
8
Calculate the greatest common factor of 37222 and 1355082.
1006
Calculate the highest common divisor of 957 and 35805099.
33
What is the highest common factor of 7939 and 456569?
17
Calculate the greatest common factor of 10704871 and 993.
331
What is the highest common divisor of 27525820 and 280?
140
Calculate the greatest common factor of 8 and 8549482.
2
Calculate the highest common divisor of 244269557 and 298.
149
Calculate the greatest common divisor of 41590160 and 4.
4
What is the highest common factor of 1987651 and 10849?
571
Calculate the highest common factor of 14062131 and 46.
23
What is the highest common factor of 321082 and 88?
2
Calculate the greatest common divisor of 1 and 28532533.
1
What is the greatest common divisor of 20 and 19865215?
5
Calculate the greatest common divisor of 5424 and 43358439.
339
What is the greatest common factor of 1295871 and 118?
1
What is the greatest common factor of 5376871 and 6